 - 4*f = -4*l + 10, -l = f. Calculate w(l).
-4
Let w be 3 + -7 - 2 - 0. Let b(l) = l**3 + 6*l**2 - 2*l - 5. Calculate b(w).
7
Suppose -5*t + 6 = -2*t. Let n(l) = t*l**2 + 2 + 4*l - 5*l - l + 0. Determine n(2).
6
Let l(q) be the second derivative of -q**2/2 + 5*q. Let j(h) = -h - 1. Let y(n) = -3*j(n) + 6*l(n). Give y(2).
3
Let m(p) = 7*p**2 - 2*p**3 - 2*p**3 + 5*p - 2*p**3 - 3 + 7*p**3. What is m(-6)?
3
Let l(j) = 7 - 4*j - 9 + 0*j + 8 + 2*j. Let f(v) = -v. Let z be f(-6). Calculate l(z).
-6
Let w(b) be the third derivative of b**6/120 + b**5/15 - b**4/6 + 2*b**3/3 - 19*b**2. Give w(-4).
20
Let y(n) be the third derivative of n**4/24 - n**3 - 9*n**2. Let c(a) = a**2 - 5*a - 9. Let q be c(7). Give y(q).
-1
Let t(n) = -n**2 + 4*n + 2. Let l(s) = s. Let p be l(0). Suppose -u - 6 + 10 = p. Give t(u).
2
Let w(k) be the second derivative of -k**5/20 + 5*k**4/12 - 2*k**3/3 + k. Let m(v) = v - 1. Suppose 4*s = 30 - 10. Let l be m(s). Determine w(l).
0
Let m(c) be the second derivative of c**3/3 - 3*c**2/2 + c. Let u(s) = 4*s - 5*s - 5 + 2. Let w be u(-6). What is m(w)?
3
Let s(r) = -5*r**2 + 2*r - 4. Let q(b) = b**2 + 1. Let o(u) = 6*q(u) + s(u). Determine o(-3).
5
Let t(a) = -3*a**2 + 2*a - 2. Let r(l) = 3*l**2 - 2*l + 2. Let h(p) = 3*r(p) + 4*t(p). Let c(f) = -7*f**2 + 5*f - 5. Let k(d) = 2*c(d) - 5*h(d). Calculate k(1).
1
Let i(a) = -3*a - 4. Suppose -5*q = -5*d, -q = -3*d - 3*q + 20. Determine i(d).
-16
Suppose 3*v = w - 17, 5*v + 11 + 22 = 4*w. Let y(q) = 3 - w*q**2 - 3 - 1. Determine y(2).
-9
Suppose -x - 2 = -0*x. Let w(a) be the first derivative of 2 + 5/2*a**2 + 1/3*a**3 + 3*a. Give w(x).
-3
Let t(i) = -i**2 + i + 3. Let l = 3 - 3. Let p be t(l). Let w(v) = 5*v**2 - v**2 - 5*v**2 + 7*v - p. Determine w(3).
9
Let z(o) be the second derivative of o**3/6 + 3*o**2/2 + 45*o. Give z(3).
6
Let d(s) = -s**3 - 5*s**2 - 3*s - 3. Let c(p) = -3*p**2 + p - 1. Let f be c(-2). Let z be (f + 0)*(-24)/20. Suppose z = -4*t + 2. Calculate d(t).
-7
Let l(d) be the first derivative of d**2 - 1/4*d**4 - 4 + 4*d + d**3. What is l(4)?
-4
Let l be (6/21)/(3/21). Let h(r) = r + 0 - 2 + l. Give h(3).
3
Suppose 0*x - 3*x + 10 = -4*g, 5*x - 9 = -g. Suppose -2*a - 13 = -x*f + 7*f, 4*f + 2*a = -10. Let t = -4 - f. Let p(o) = -8*o**2. Calculate p(t).
-8
Let f(u) be the second derivative of u**5/20 + u**4/12 + u**3/6 + 2*u**2 - 5*u. Let o(k) be the first derivative of f(k). Calculate o(-1).
2
Let c(i) = -7*i - 4. Let q(j) = j + 1. Let h(k) = 17*k + 1. Let l be h(-1). Let s = 22 + l. Let a(p) = s*q(p) + c(p). Determine a(-6).
8
Let y(t) = -4*t + 12. Let v(p) = 5*p - 13. Let o(n) = 5*v(n) + 6*y(n). What is o(-5)?
2
Suppose 5*y - 3*u = -16, y = 2*u - 7 + 1. Let f(s) = -2 - s**2 - 4*s - s + 0*s + s. Give f(y).
2
Let i be 1*-1 + (-12)/(-3). Let s(o) = -o**3 + 6*o**2 + 3. Let w be s(6). Let q(k) = -w*k**2 - 4*k**2 - k + 1 + i*k**2 + 0. What is q(1)?
-4
Let h(i) = i + 5. Let j(v) = v**2 - v - 2. Let y be j(-7). Let r be y/(-10) + (-4)/(-10). Determine h(r).
0
Let j(f) be the first derivative of -7/2*f**2 - 1/3*f**3 + 1 - 4*f. Determine j(-3).
8
Let o(d) = -2*d - 4. Let n(c) = c - 1. Let v(r) = 3*n(r) - o(r). Let k be (-18)/(-12)*(-2)/3. What is v(k)?
-4
Let z(m) = 35*m - 33*m + 2 - 4. What is z(6)?
10
Let s(c) = -78*c + 45*c + 6 + 37*c. Give s(-5).
-14
Let d(p) = -p**3 + 5*p**2 + 3*p + 2. Let z(j) = -j**3 + 28*j**2 - j + 33. Let k be z(28). Give d(k).
17
Let g(r) = 0 - 2*r - 6 - 2 + 1. What is g(-5)?
3
Let d(w) = w - 2. Let l be 6/9 + 1/3. Suppose 8 + l = 3*m. Suppose -3*x - 4*g = -15, 10 = 3*x - x - m*g. Determine d(x).
3
Let o(h) = -9*h + 5. Let s(m) = -5*m + 3. Let f(t) = -6*o(t) + 11*s(t). Calculate f(-5).
8
Let h(i) = i**3 - 5*i**2 + 2*i. Let j = 66 + -63. Determine h(j).
-12
Let r(g) = 2*g + 7. Suppose 3*l = -u - l - 26, -2*u = -2*l + 2. What is r(u)?
-5
Let f be 57/(-15) + (-1)/5. Let k(p) = -p**2 - 5*p + 3. Let b be k(f). Let n be 0 - -1 - (-2 + b). Let x(w) = w**2 + 6*w + 6. Give x(n).
-2
Let f(z) be the first derivative of 4/3*z**3 - 1/4*z**4 - 2 + 3*z**2 - 3*z. Determine f(5).
2
Let n(t) = 4*t - 5*t + 9 - 5. What is n(3)?
1
Let s(c) = -c**2 + c - 1. Let h(q) = q**3 + 4*q**2 - 3*q - 2. Let k(m) = -h(m) - 4*s(m). Let t = 7 + -16. Let y = t - -9. What is k(y)?
6
Let u(d) = -13*d - 1. Let y be u(-1). Let s(l) = -2*l + 11*l**3 - y*l**3 - 2 - 1 - 4*l**2. Calculate s(-3).
-6
Suppose 4*o = -o + 30. Let d(u) = 7*u**2 - u + 1. Let c(f) = 13*f**2 - 3*f + 3. Let z(x) = -6*c(x) + 11*d(x). Determine z(o).
-1
Let x(f) = -f**2 + 9*f - 4. Let o be x(9). Let j(m) = m**3 + 3*m**2 - m + 5. What is j(o)?
-7
Let a(l) = -2*l**2 - 8*l + 5. Let b(u) = -3*u**2 - 12*u + 7. Let w(j) = -8*a(j) + 5*b(j). Give w(-6).
7
Let q(h) = -6*h - 33 - 40 + 73. Suppose -3*u - 2*u + 5 = 0. Determine q(u).
-6
Let f(d) = 2*d. Let s(z) = z**2 + 7*z - 10. Let x be s(-8). Let t(u) = 4*u**2 + 4*u + 2. Let o be t(x). Suppose o*n - 10 = 5*n. Give f(n).
4
Let o(a) = 9 + 4*a - 6 - 10. Determine o(-6).
-31
Suppose -3*g + 5*h - 4 - 2 = 0, -5*g - 2*h = -21. Suppose d = -g*d + 16. Let b(s) = -s**3 + 3*s**2 + 3*s - 3. Calculate b(d).
-7
Let q(m) = 1. Let j(b) = -b - 2. Let i(x) = j(x) + 2*q(x). Let t be (-14)/4*(-2)/1. Let u(o) = o + 1. Let g(r) = t*u(r) + 6*i(r). Give g(0).
7
Let k(d) be the first derivative of -d**2/2 - 10*d - 23. What is k(0)?
-10
Let q be ((-26)/(-10) + -2)*5. Let o(x) = -x**3 + 8*x**2 + 7*x - 3. Let u = -3 + 2. Let a(y) = -y**2 - y + 1. Let w(t) = u*o(t) - 6*a(t). Calculate w(q).
3
Suppose 5*q = 15, -q = -2*g + 6*g - 27. Let i(c) = 2*c - 8. What is i(g)?
4
Let f be (-2 - -2) + (-1 - -1). Let g(z) = 2*z**3 + 2*z**2 - 7*z + 10. Let u(l) = 3*l**3 + 3*l**2 - 11*l + 15. Let k(d) = 8*g(d) - 5*u(d). Determine k(f).
5
Let o(y) = y**3 - 3*y**2 + y. Let g be o(3). Suppose 2*u + 5 = 3*h - 10, 0 = g*u. Let i(b) = -b**2 + 3*b + 3. Calculate i(h).
-7
Let r(p) = -2 - 3*p**2 - 6*p + 3*p - p. Let i(o) = -3*o**2 + 1. Let t(c) = -c**3 - 8*c**2 - 7*c + 1. Let s be t(-7). Let h be i(s). Determine r(h).
-6
Let h(m) be the second derivative of -m**3/6 + 5*m**2/2 + 14*m. Calculate h(-7).
12
Suppose 8*i + 6 = 2*i. Let q(y) = 3*y**2 + 2. Let r(s) = s + 1 + s**2 - 2*s + 0*s**2. Let m(c) = i*q(c) + 2*r(c). Determine m(-4).
-8
Let w(a) = 3*a + 3*a - 1 - 5*a. Calculate w(-4).
-5
Let q(c) = -c**3 - 2*c**2 + 4*c + 4. Suppose 4*d + 6*w - 2*w = -12, -d + 5*w = 3. What is q(d)?
1
Let a(q) = -10*q + 1. Suppose -8 = -m - 3*m. Let h be -3 + 12/m + -2. What is a(h)?
-9
Let w = -5 + 9. Suppose -2*t - w*h = 2*t - 8, -2*t = -2*h - 12. Let x(u) = -2*u**2 + 5*u + 3. Determine x(t).
-9
Suppose 0 = 2*q - 3 + 11. Let y(a) = 3*a**2 + 23*a + 26. Let c(p) = -p**2 - 8*p - 9. Let i(l) = 11*c(l) + 4*y(l). Determine i(q).
5
Let i(q) = 5*q + 1 + 3*q**2 - q**3 - 1 - 5 - 1. Give i(4).
-2
Let l be (0 - 5)/((3/1)/3). Let y(r) = -r + 2. Let f be y(5). Let x = l - f. Let o(j) = -j**3 + j - 1. What is o(x)?
5
Let a = -10 + 19. Let m = -1 - a. Let c = 7 + m. Let x(s) = -s**3 - 3*s**2 - s - 4. Give x(c).
-1
Let m(x) = -3*x**3 + 0*x**3 + 4*x**2 - 1 + 4*x**3 + 3*x. Give m(-3).
-1
Let y(b) = b - 6. Suppose -27 = -3*w - 6. Determine y(w).
1
Let g(b) = b + 7. Suppose 2*w + z = -4*z + 10, -w - z + 5 = 0. Give g(w).
12
Suppose -22*g + 21*g + 3 = 0. Let y(t) = -5*t - 1. Give y(g).
-16
Suppose c + y + 5 = 0, -3*c + 4*c + 4*y + 11 = 0. Let v(i) = -i**2 + 4. Let o be v(0). Let g(k) = -4*k - 5*k**2 + 0*k**2 - 1 + o*k**2. Calculate g(c).
2
Let a(l) = 7*l - 21. Let j be a(4). Let m(o) = -o - 10. Give m(j).
-17
Let v(f) be the first derivative of f**4/4 + 2*f**3 - f**2/2 - 8*f - 2. Give v(-6).
-2
Let h(i) = -2*i**2 - 5*i - 2. Let m(j) = -j**3 - 6*j**2 + 8*j + 4. Let t be m(-7). Determine h(t).
-5
Suppose -3*h = 3*b - 42, -4*b + 100 = b - 5*h. Let f(o) = -b*o - 1 + 5*o + 13*o. Give f(-1).
-2
Suppose 2*v + 10 = -3*v. Let l(f) = -f**3 + 4*f + 3. Calculate l(v).
3
Let u(j) = 7*j**2 + 8*j + 7. Let y(x) = 13*x**2 + 15*x + 13. Let w(p) = 11*u(p) - 6*y(p). Calculate w(-3).
-4
Let m = 394 + -393. Let r(y) = 2 - 2 + y**2 - 7*y**3 - 1. What is r(m)?
-7
Let o(f) be the first derivative of f**4/4 + f**3/3 + f**2/2 - 4*f - 1. Let d be o(0). Let r(q) = q**3 + 4*q**2 + 5. Determine r(d).
5
Let r(c) = 5*c**3 + c**2. Let y be (-15)/10*2 - -2. Calculate r(y).
-4
Let p(g) be the second derivative o